c9 + 2?
-4c0b4c7
In base 2, what is 110010010 - 10001001000010111?
-10001000010000101
In base 3, what is 2 - -221010121010100?
221010121010102
In base 16, what is -2500d6b6 + -4?
-2500d6ba
In base 6, what is 155041 - -102230?
301311
In base 7, what is 4054 - 246453?
-242366
In base 2, what is -11001010111000 - -10011101011011010?
10000100000100010
In base 6, what is 432222400 + -321?
432222035
In base 10, what is -21840780 - -2?
-21840778
In base 10, what is 413 + 24433?
24846
In base 2, what is 11 - -1010011111001010010110010?
1010011111001010010110101
In base 7, what is 151 + 515201?
515352
In base 12, what is 148538 - 82?
148476
In base 15, what is 711c6c + 6d?
711cda
In base 13, what is -1ba + -10407?
-105c4
In base 6, what is -10553032504 - -1?
-10553032503
In base 11, what is -4 + -32523555?
-32523559
In base 16, what is -5 - 6f13eb?
-6f13f0
In base 13, what is -28c - -c475?
c1b6
In base 10, what is 76819 + 73?
76892
In base 15, what is 2207b3c1 + 2?
2207b3c3
In base 12, what is 29b25 - 482?
29663
In base 9, what is 51 - 5262261?
-5262210
In base 8, what is 3414 + 4413?
10027
In base 8, what is 41112 + 2217?
43331
In base 15, what is 40eac + -8?
40ea4
In base 4, what is 1132220023 - -12031?
1132232120
In base 6, what is -333 + 54053333?
54053000
In base 10, what is -1 + -10320920?
-10320921
In base 2, what is -100 + 1010001001110111111110?
1010001001110111111010
In base 6, what is -1203412345 + -5?
-1203412354
In base 4, what is 13323 + 31211220?
31231203
In base 5, what is 1104003021 + -124?
1104002342
In base 13, what is 15647 - 28?
1561c
In base 4, what is 2313212112 + 2233?
2313221011
In base 11, what is 17 + -a51173?
-a51157
In base 11, what is -33a824 - -254?
-33a580
In base 10, what is 116651333 - 3?
116651330
In base 5, what is -1 - -43232202214?
43232202213
In base 16, what is -6 + 51ba6d9?
51ba6d3
In base 2, what is -11010010001101101011100 - 110?
-11010010001101101100010
In base 5, what is -1143432324 - -334?
-1143431440
In base 3, what is -1012 + 1002001122121?
1002001121102
In base 14, what is 26 + 5538b7?
5538dd
In base 2, what is 1001011100111110 + -10010101111?
1001001010001111
In base 2, what is 1 - -101001101001010001110?
101001101001010001111
In base 15, what is 3440 - 188?
32a7
In base 8, what is -5337155 + -53?
-5337230
In base 4, what is 30333233 - -212301?
31212200
In base 4, what is -2 + 123333021323?
123333021321
In base 11, what is -1a24 + 99?
-1936
In base 14, what is -16 - 23535?
-2354b
In base 10, what is 59982132 - -5?
59982137
In base 14, what is -837 + 117d0c?
1174b5
In base 3, what is -11011100 - -11122001?
110201
In base 15, what is -4c3a + 1dc?
-4a4d
In base 13, what is -aac9 - 2428?
-10224
In base 9, what is -1 + -4003157?
-4003158
In base 4, what is 11032 + -1131232302?
-1131221210
In base 14, what is -74ca8 + -239?
-75103
In base 3, what is -1121010 - 200021222?
-201220002
In base 16, what is -30dbc93 + 1?
-30dbc92
In base 4, what is -3013300232200 - 13?
-3013300232213
In base 7, what is -13563 - 403352?
-420245
In base 10, what is -30846156 - 1?
-30846157
In base 8, what is -2 + 3755772?
3755770
In base 11, what is -33391 - -a5?
-33297
In base 14, what is -123bb55 + 2?
-123bb53
In base 3, what is 121220012102201 - 11?
121220012102120
In base 2, what is -100101110101011100010011 - -100?
-100101110101011100001111
In base 13, what is 3 - -3c47772a?
3c477730
In base 14, what is -1b42664 + 42?
-1b42622
In base 7, what is -3 + -5302221?
-5302224
In base 7, what is -1435 + -33506?
-35244
In base 7, what is 346104 - -65343?
444450
In base 2, what is -110001110011011001 - -110001?
-110001110010101000
In base 3, what is -222110101221 - -2001?
-222110022220
In base 10, what is 0 + 6193839?
6193839
In base 16, what is -534e - 2e14?
-8162
In base 14, what is 1 + 652cb?
652cc
In base 13, what is -3072b + 3c?
-306bc
In base 11, what is 190369 - -13?
190381
In base 2, what is 10000 + 1110111001100011101?
1110111001100101101
In base 9, what is -757306 - 84?
-757401
In base 4, what is 1200300010130 - 3?
1200300010121
In base 16, what is -2ae - -2330?
2082
In base 16, what is -7747a - d2?
-7754c
In base 9, what is -16151858 + 21?
-16151837
In base 16, what is -31f - -4268?
3f49
In base 10, what is -1448081 - -104?
-1447977
In base 2, what is 101111110101110101 - -10111100111?
110000001101011100
In base 7, what is 152 - -241255?
241440
In base 7, what is -543444552 + -4?
-543444556
In base 15, what is -23ccec4 + 3?
-23ccec1
In base 15, what is 75470 - -ee?
7556e
In base 8, what is 2 + -5307517?
-5307515
In base 14, what is 40 - -2ad6b?
2adab
In base 5, what is 32033103100 + -4?
32033103041
In base 8, what is -724035 - 12?
-724047
In base 12, what is -b + 53aa572?
53aa563
In base 10, what is 377 - -589246?
589623
In base 4, what is 1 - -130110321023?
130110321030
In base 15, what is b843 + 19c?
b9e0
In base 4, what is 12 - 22211031102323?
-22211031102311
In base 9, what is -1 + 15272741?
15272740
In base 12, what is -5800931b3 - -2?
-5800931b1
In base 9, what is 52547218 + -3?
52547215
In base 10, what is -3 + 2894239?
2894236
In base 12, what is -351 - -2b1a82?
2b1731
In base 11, what is 31a9 + 5741?
893a
In base 16, what is 2c2 - -2cb8?
2f7a
In base 13, what is 248 - 7835?
-75ba
In base 14, what is 4176d68 + 3?
4176d6b
In base 5, what is -1142212 + 1321?
-1140341
In base 5, what is -11424 + -422011?
-433440
In base 12, what is 3 + 1982155?
1982158
In base 13, what is 1c0ac6 - -44?
1c0b3a
In base 8, what is 2774211 + -251?
2773740
In base 11, what is 22 - -5656862?
5656884
In base 7, what is -2 + 1660544331?
1660544326
In base 5, what is 41102424014 + 2?
41102424021
In base 6, what is -140 + 105044?
104504
In base 12, what is -7062 + 393?
-688b
In base 6, what is -5 - 325114104?
-325114113
In base 4, what is 22211232210002 - 3?
22211232203333
In base 15, what is c5 - -1a9d?
1b73
In base 3, what is -12 - 12012000000110?
-12012000000122
In base 2, what is -1001110110000000010 + -1000110?
-1001110110001001000
In base 9, what is -1 - -28366674?
28366673
In base 10, what is 13603411 + 5?
13603416
In base 13, what is -2bcb7 - 689?
-2c673
In base 4, what is 1003021203 - 30?
1003021113
In base 10, what is 1 - 7553162?
-7553161
In base 15, what is 10b26d4 - -1?
10b26d5
In base 15, what is 82 + 5175d?
517e0
In base 5, what is -3124 - 1204043?
-1212222
In base 13, what is 200b971 - b?
200b963
In base 10, what is 1128 - 12916?
-11788
In base 9, what is -4177100 + -7?
-4177107
In base 8, what is -2245 - -1360?
-665
In base 14, what is 2 + 1060198?
106019a
In base 12, what is -a149 - 1a66?
-bbb3
In base 9, what is -65888 - 1647?
-67646
In base 6, what is 10010310525 + -2?
10010310523
In base 12, what is 899a5 - -112?
89ab7
In base 9, what is 264 - -18715?
20080
In base 13, what is 16c349a + 7?
16c34a4
In base 10, what is -84644037 + 5?
-84644032
In base 13, what is -8ab5 - b3a?
-9922
In base 2, what is -111110010101011 - 100100000?
-111110111001011
In base 6, what is 20403 - 340445?
-320042
In base 10, what is -195216617 + 3?
-195216614
In base 2, what is 1000110 + -1110100000111111?
-1110011111111001
In base 2, what is 1101100011 + 100000001111101?
100001111100000
In base 11, what is 1257 + -44789?
-43532
In base 7, what is -36 + 11141025?
11140656
In base 4, what is -230330322 - 300?
-230331222
In base 4, what is -311021121131 - 3?
-311021121200
In base 9, what is -2 - 132550?
-132552
In base 16, what is -4 - -441319?
441315
In base 5, what is -1442034 - 14240?
-2011324
In base 13, what is -2973cb2 + 4?
-2973cab
In base 3, what is 11012202212 + -21100101?
10221102111
In base 4, what is -23 + 20220212?
20220123
In base 2, what is -11001101010100010011 - 1011?
-11001101010100011110
In base 16, what is -64b9e - -24?
-64b7a
In base 7, what is 3 - 143315334?
-143315331
In base 10, what is 201 + -7247?
-7046
In base 4, what is 3100 - 310102320?
-310033220
In base 12, what is -1aa11 - -23?
-1a9aa
In base 2, what is 101111001111101100 - 100111?
101111001111000101
In base 6, what is 104502201 + 5?
104502210
In base 3, what is 100220220220 + -111?
100220220102
In base 15, what is -8285660 + -17?
-8285677
In base 11, what is 198 + -a272?
-a085
In base 13, what is -3 - -18c43490?
18c4348a
In base 7, what is -114326 + 125?
-114201
In base